{"id":26,"date":"2019-02-12T22:34:49","date_gmt":"2019-02-12T21:34:49","guid":{"rendered":"http:\/\/7hot.cz\/?page_id=26"},"modified":"2024-01-16T09:26:38","modified_gmt":"2024-01-16T08:26:38","slug":"kontakty","status":"publish","type":"page","link":"https:\/\/7hot.cz\/?page_id=26","title":{"rendered":"Kontakty"},"content":{"rendered":"\r\n<p>&nbsp;<\/p>\r\n\r\n\r\n\r\n<p>P\u0159edn\u00e1\u0161ky:<\/p>\r\n\r\n\r\n\r\n<p>Prof. MUDr. Jan Plz\u00e1k, Ph.D.\u00a0 \u00a0 \u00a0 \u00a0 \u00a0 \u00a0 \u00a0 \u00a0 \u00a0 \u00a0 \u00a0 \u00a0 \u00a0 \u00a0 \u00a0 \u00a0 \u00a0 \u00a0 \u00a0 \u00a0 \u00a0 \u00a0 \u00a0 \u00a0 \u00a0 \u00a0 \u00a0 \u00a0 \u00a0 \u00a0 \u00a0 \u00a0 \u00a0 \u00a0 \u00a0 \u00a0 \u00a0 \u00a0 \u00a0 \u00a0 \u00a0 \u00a0 \u00a0 \u00a0 \u00a0 \u00a0 \u00a0 \u00a0 \u00a0 \u00a0 \u00a0 \u00a0 \u00a0 \u00a0 \u00a0 \u00a0 \u00a0 \u00a0 \u00a0 \u00a0 \u00a0 \u00a0 \u00a0 \u00a0 \u00a0 \u00a0 \u00a0 \u00a0 \u00a0 \u00a0 \u00a0 \u00a0 \u00a0 \u00a0 \u00a0 \u00a0 \u00a0 \u00a0 \u00a0 \u00a0 \u00a0 \u00a0 \u00a0 Klinika ORL a chirurgie hlavy a krku 1. LF UK a FN v Motole<br \/>V \u00davalu 84, 150 06, Praha 5<br \/><strong>E-mail:\u00a0<\/strong><a href=\"mailto:jan.klozar@fnmotol.cz\">jan.<\/a><a href=\"mailto:jan.plzak@fnmotol.cz\">plzak@fnmotol.cz<\/a><br \/><strong>Telefon: +420 224\u00a0434 301<\/strong><\/p>\r\n\r\n\r\n\r\n\r\n\r\n<p>&nbsp;<\/p>\r\n\r\n\r\n\r\n<p>Organizace:<\/p>\r\n\r\n\r\n\r\n<div class=\"wp-block-group is-nowrap is-layout-flex wp-container-1\">\r\n<p><strong>MUDr.Martin Krac\u00edk<\/strong><br \/>odd. ORL, chirurgie hlavy a krku<br \/>Krajsk\u00e1 nemocnice Liberec a.s. Husova 357, 46063 Liberec<br \/><strong>E-mail<\/strong>: <a href=\"mailto:martin.kracik2@nemlib.cz\">martin.kracik2@nemlib.cz<\/a><br \/><strong>Telefon<\/strong>: <strong>+420 724 211 024<\/strong><\/p>\r\n<\/div>\r\n","protected":false},"excerpt":{"rendered":"<p>&nbsp; P\u0159edn\u00e1\u0161ky: Prof. MUDr. Jan Plz\u00e1k, Ph.D.\u00a0 \u00a0 \u00a0 \u00a0 \u00a0 \u00a0 \u00a0 \u00a0 \u00a0 \u00a0 \u00a0 \u00a0 \u00a0 \u00a0&hellip;<\/p>\n","protected":false},"author":1,"featured_media":0,"parent":0,"menu_order":0,"comment_status":"closed","ping_status":"closed","template":"","meta":[],"_links":{"self":[{"href":"https:\/\/7hot.cz\/index.php?rest_route=\/wp\/v2\/pages\/26"}],"collection":[{"href":"https:\/\/7hot.cz\/index.php?rest_route=\/wp\/v2\/pages"}],"about":[{"href":"https:\/\/7hot.cz\/index.php?rest_route=\/wp\/v2\/types\/page"}],"author":[{"embeddable":true,"href":"https:\/\/7hot.cz\/index.php?rest_route=\/wp\/v2\/users\/1"}],"replies":[{"embeddable":true,"href":"https:\/\/7hot.cz\/index.php?rest_route=%2Fwp%2Fv2%2Fcomments&post=26"}],"version-history":[{"count":14,"href":"https:\/\/7hot.cz\/index.php?rest_route=\/wp\/v2\/pages\/26\/revisions"}],"predecessor-version":[{"id":742,"href":"https:\/\/7hot.cz\/index.php?rest_route=\/wp\/v2\/pages\/26\/revisions\/742"}],"wp:attachment":[{"href":"https:\/\/7hot.cz\/index.php?rest_route=%2Fwp%2Fv2%2Fmedia&parent=26"}],"curies":[{"name":"wp","href":"https:\/\/api.w.org\/{rel}","templated":true}]}}